pose a*k - 121 = 191. What is the tens digit of k?
5
Suppose -2*a = -c - 2*c - 367, 2*a - 337 = -3*c. Suppose -5*k = -k + 4*v - a, -4*k - 3*v + 178 = 0. What is the units digit of k?
6
Let m(g) = g**3 + 11*g**2 + 13*g + 21. Let o be m(-10). What is the hundreds digit of 12/(-3) - (o*12 + -2)?
1
Suppose -338 - 562 = -a - 4*i, 4*a = -4*i + 3576. What is the units digit of a?
2
Suppose -124 = -t - 3*o, 3*t - 348 = -0*t + 3*o. Let w = -70 + t. What is the tens digit of w?
4
Let m = -4 + 0. Let x be 1261/26 - 6/m. Suppose 4*w + w = x. What is the units digit of w?
0
Suppose -4*s + 8 = 0, 0*s = -2*l + 2*s - 6. What is the units digit of (-5)/l*(-162)/(-30)?
7
Let j be 735 - (3 + 0 + -4). Suppose 4*f - 1804 = -5*h, -2*h + 0*f + 2*f + j = 0. Suppose 0 = o + 3*u - 59, h - 124 = 5*o + 4*u. What is the units digit of o?
4
Let f(a) = 242*a - 156. What is the units digit of f(2)?
8
Suppose -5*f + 9 = 2*c - 65, -4*c - 4*f = -172. Let h = 42 + c. What is the tens digit of h?
8
Let i = 233 - 403. Let l = 4 + -2. What is the units digit of 12/(-30)*i/l?
4
Suppose -4*i + 118*j + 7295 = 123*j, 4*i - 2*j = 7274. What is the units digit of i?
0
Let u(z) be the third derivative of z**4/8 + 7*z**3/6 + 7*z**2. What is the tens digit of u(4)?
1
Let n = -74 + 77. Suppose -2*t - 2*o = -166, 2*o = -0*t + n*t - 244. What is the tens digit of t?
8
Let z = -16 + 19. Suppose z*h = -h + 3*f + 178, -2*h = 5*f - 76. Let k = -28 + h. What is the tens digit of k?
1
Let f(i) = 282*i + 10. What is the tens digit of f(2)?
7
What is the hundreds digit of (-8)/(-6)*(2 + 79)?
1
Suppose w - 85 = 4*x, -7*x + 377 = 5*w - 3*x. Suppose 0*o - f + 17 = 3*o, 0 = -4*f - 16. Suppose -3*h - o = 2*d - w, -1 = d. What is the units digit of h?
4
Let y(v) = -20*v + 23. Let j be y(1). Suppose 20 = 5*k + 5*c, 4*k = 5*k - 2*c - 4. Suppose k*w = 12, f - j*f + w = -107. What is the tens digit of f?
5
Let l(u) = 163*u + 295. What is the thousands digit of l(5)?
1
Suppose -3*g + 4*g = -5*p + 633, -3*p + 4*g + 389 = 0. Let n(i) = -7*i + 115. Let b be n(4). Let l = p - b. What is the units digit of l?
0
Let k(m) = -7*m**3 + m**2 - m - 4. Let x(b) = -b**3 - 1. Let f(i) = -k(i) + 6*x(i). Let u be f(0). Let g = 5 + u. What is the units digit of g?
3
Let d be (11/(-22))/(22/24 + -1). Suppose -d*y + 21 = -45. What is the units digit of y?
1
Let k = -4364 + 7372. Suppose -5*m - 11*m + k = 0. What is the units digit of m?
8
Suppose 0*p = -2*p - c + 4, -5*p = 5*c - 20. Suppose p = -f - f - 3*j + 53, 4*f + j = 101. Let q = f - -16. What is the tens digit of q?
4
Let z(h) = 14*h - 1. Let q = -6 - -6. Suppose 2*l - 4 = -q*l. What is the units digit of z(l)?
7
Let n = 15 + -12. Suppose 1 = n*y - 5. Suppose -y*b + 32 = 2*b. What is the units digit of b?
8
Let w(p) = 3*p**3 + p**2 - 35*p - 5 - 2*p**2 + 35*p. Let x be w(4). Suppose 3*n - x + 42 = 0. What is the units digit of n?
3
Suppose 0 = -g - g + 12. Suppose c + 20 = g*c. What is the units digit of c?
4
Suppose 0 = -6*m + 8*m + 5*v - 1983, 2*v - 4989 = -5*m. What is the hundreds digit of m?
9
Let m = 6 + 119. Suppose m = -11*v + 6*v. Let u = 55 + v. What is the tens digit of u?
3
Suppose 8*r = 682 + 270. Suppose -3*u = -19 - r. What is the units digit of u?
6
Let y(p) = -32 - 35 + 33*p + 84. What is the units digit of y(3)?
6
Suppose 4*r = -4*b + 2*r - 792, 5*r + 580 = -3*b. Let u = 306 + b. What is the units digit of u?
6
Suppose 52*d = 51*d + 1. Let o(x) = 222*x**3 + 2*x**2 - x - 1. What is the units digit of o(d)?
2
Let b(q) = -12*q - 4. Let m be b(-6). Let g = 75 + m. Let i = -96 + g. What is the tens digit of i?
4
Let h be (0 + 1)*(14 + -14). Suppose -183 = -3*d - h*d. What is the tens digit of d?
6
Suppose 7*d - 6*d - 1040 = -5*t, 3*d - 1040 = -5*t. What is the units digit of t?
8
Suppose -9056 = 10*g - 18*g. What is the tens digit of g?
3
What is the hundreds digit of (-2650 + -9)*((-20)/(-5) + -5)?
6
Suppose 0*j + 4*j + 4*y = 1176, 2*y + 1158 = 4*j. What is the tens digit of j?
9
Let u(o) = 31*o + 244. What is the hundreds digit of u(7)?
4
Let c be (-1 - 14/(-10)) + 799/(-235). What is the units digit of c + 2 + (-1096)/(-4) + -1?
2
Let n be (-138)/(-18) - 12/(-9). Suppose 4*j = n*j - 95. What is the tens digit of j?
1
Let z(l) = -10*l + 17. Let k(c) = -11*c + 15. Let b(h) = -5*k(h) + 4*z(h). What is the units digit of b(10)?
3
Suppose -n + m + 4 = -0, -5*n + 3*m = -14. Let u be -1 - 2/(1/n). Let s = u - -10. What is the units digit of s?
7
Let k(n) be the first derivative of 2*n**3/3 - n**2/2 + n - 13. What is the units digit of k(5)?
6
Let d(t) = -t**3 + 6*t**2 + 8*t - 4. Let y be d(7). Let h(o) = 2*o**3 - 5*o + 6. Let r be h(y). What is the tens digit of (1 - 3) + r/1?
4
Suppose 642 = 7*q - 9228. What is the tens digit of q?
1
Suppose 2*c = -4, 2*g = -3*g - c + 3113. What is the tens digit of g?
2
Let v(z) = 7*z - 47. Let h be v(7). What is the units digit of (9/27)/(141/(-72) + h)?
8
Suppose -69 = -2*h + 635. What is the tens digit of h?
5
Suppose o - x = 138 - 16, 0 = 2*x + 10. Let k = 3 + o. What is the units digit of k?
0
Suppose -3*s - 1 = -19. Let q be (1/(-2))/(s/(-324)). Let i = q + -12. What is the tens digit of i?
1
Let m = -517 + 753. What is the units digit of m?
6
Suppose -5*d + 679 = 4*n, 3*d + n = 2*d + 135. Suppose 4*b = -3*h + d, 78 = b + 2*b - 3*h. What is the tens digit of b?
3
Let i(r) = r - 5. Let q(h) = h - 6. Let c(t) = -2*i(t) + 3*q(t). Let n be c(11). What is the units digit of 1/n*(-81)/(-1)?
7
Suppose -3*a + 3 = -3*p, -5*a + 3*p = 4*p - 23. Let o = -63 + 70. Let f = a + o. What is the units digit of f?
1
Let c(a) = a**3 - 4*a**2 - 10*a + 23. What is the thousands digit of c(13)?
1
Let l be -24*(2/(-4))/(3/2). Suppose 91 = 9*w - l*w. What is the units digit of w?
1
Let b be (-2 + 0)*9/(-6). Suppose 0 = d - b*l - 11 - 151, 5*d + 4*l = 848. What is the units digit of d?
8
Let i(y) = y**3 + 4*y**2 + 3*y + 6. Let l be i(-3). Let d be -7 - -7 - (0 - l). What is the units digit of ((-50)/d)/((-3)/9)?
5
Let g(s) = -s**2 - 15*s - 16. Let k be g(-17). Let l = k - -229. What is the hundreds digit of l?
1
Let f(x) = x**2 + 6*x - 129. Let b be f(10). Let y = 0 - 0. What is the units digit of (y + b)/1 - -2?
3
Suppose 0 = 4*d + 6*d - 50. What is the units digit of 3*d/(-105) - 547/(-7)?
8
Suppose 3*j - 3*c = 9, -j - c + 7 = -0*j. Suppose 0*o - o - j = 0, -2*p = 2*o + 8. Let a(y) = 27*y**2 - y. What is the units digit of a(p)?
6
Suppose 4*b = m + 4198, 2*b = 6*m - 8*m + 2094. What is the thousands digit of b?
1
Let c be 23 + (0 - (-3 - -3)). Let b = -14 + c. Suppose 4*x - 39 - b = 0. What is the units digit of x?
2
Suppose 5*s - 1466 = -t, -t + 948 = 3*s + 68. What is the units digit of s?
3
Let m be (6/10*10*1)/(-1). What is the units digit of (m - -2 - -1) + 225?
2
Let m(q) = -q**2 - 11*q - 1. Let r be m(-9). Suppose -r - 111 = -2*p. What is the units digit of p?
4
Let b(w) = -w**3 + 5*w + 0*w**3 + 6 - 2*w. Let g(j) = 2*j**3 - j**2 - 5*j - 12. Let r(x) = 5*b(x) + 2*g(x). What is the units digit of r(-4)?
8
Suppose m - 5 - 27 = 0. Let w(k) = 2*k**2 - k. Let j be w(2). Let x = m + j. What is the tens digit of x?
3
What is the hundreds digit of (-2316)/(-2)*(42/9)/7?
7
Let d(s) = 20*s + 13. Let w(h) = -7*h - 4. Let n(r) = 4*d(r) + 11*w(r). What is the units digit of n(3)?
7
Suppose -2174 = -4*r + 2*y, 3*r + 2*r - 2700 = -y. What is the tens digit of r?
4
Let q = -26 - -21. Let g be 2/q*(-2 + -3). What is the units digit of 84/g - (1 + -2)?
3
Suppose 91 = 5*p - 18*p. Let w(i) = 4*i + 1. Let s(m) = -9*m - 2. Let h(u) = -2*s(u) - 5*w(u). What is the tens digit of h(p)?
1
Let w(n) = 21*n**3 + 4*n**2 + 7*n + 5. What is the thousands digit of w(5)?
2
Let n = 1 - -1. Let k(t) = -t - t + 3*t - 9 + t**n - 4*t. What is the units digit of k(7)?
9
Let j = 1 - 0. Let i be 14/(-3 + 4 + j). Suppose i*u - 4*u = 51. What is the units digit of u?
7
Let w(l) = l**2 - 13*l + 12. Suppose 4*c + 936 = -2*f, -3*f - 928 = -f + 2*c. Let x be f/(-36) - (-2)/9. What is the tens digit of w(x)?
1
Suppose 2*v = 3*h - 272, 0*h - 391 = -4*h - 3*v. Let y = h - 17. What is the tens digit of y?
7
Let v be 39/26*(-10)/(-3). Suppose f = 5*s - 952, -v*s = f - 606 - 352. What is the hundreds digit of s?
1
Let r = -2440 + 2513. What is the tens digit of r?
7
Suppose -u + g + 1 = 0, 